{"id":789,"date":"2023-10-10T13:10:01","date_gmt":"2023-10-10T11:10:01","guid":{"rendered":"https:\/\/closdeslavandes.fr\/?page_id=789"},"modified":"2023-11-30T20:27:21","modified_gmt":"2023-11-30T19:27:21","slug":"notre-unite-protegee","status":"publish","type":"page","link":"https:\/\/closdeslavandes.fr\/index.php\/notre-unite-protegee\/","title":{"rendered":"L&rsquo;UNIT\u00c9 PROTEG\u00c9E"},"content":{"rendered":"<div class=\"lpb-clear-section\"><\/div><!-- .lpb-clear-section -->\n\n<div class=\"lpb-page-row\"><!-- .lpb-page-row -->\n<div class=\"lpb-container\"><!-- .lpb-container -->\n<div class=\"lpb-row\"><!-- .lpb-row -->\n\n<div class=\"lpb-col-12 lpb-page-item has-bg\" ><!-- .lpb-page-item -->\n\n<hr class=\"lpb-item-line\">\n<\/div><!-- \/.lpb-page-item -->\n\n<\/div><!-- \/.lpb-row -->\n<\/div><!-- \/.lpb-container -->\n<\/div><!-- \/.lpb-page-row -->\n\n<div class=\"lpb-page-row\"><!-- .lpb-page-row -->\n<div class=\"lpb-container\"><!-- .lpb-container -->\n<div class=\"lpb-row\"><!-- .lpb-row -->\n\n<div class=\"lpb-col-12 lpb-page-item has-bg\" ><!-- .lpb-page-item -->\n\n\t\t<div class=\"morrison-hotel-gallery flexslider\" data-speed=\"4000\" style=\"max-width:900px\">\n\t\t\t<ul class=\"slides\">\n\t\t\t\t\n\t\t\t\t\t<li>\n\t\t\t\t\t\t<img width=\"2560\" height=\"1440\" src=\"https:\/\/closdeslavandes.fr\/wp-content\/uploads\/2022\/09\/pexels-matthias-zomer-339620.jpg\" class=\"attachment-full size-full\" alt=\"\" \/>\t\t\t\t\t<\/li>\n\n\t\t\t\t\t\t\t<\/ul>\n\t\t<\/div>\n\t<\/div><!-- \/.lpb-page-item -->\n\n<\/div><!-- \/.lpb-row -->\n<\/div><!-- \/.lpb-container -->\n<\/div><!-- \/.lpb-page-row -->\n\n<div class=\"lpb-page-row\"><!-- .lpb-page-row -->\n<div class=\"lpb-container\"><!-- .lpb-container -->\n<div class=\"lpb-row\"><!-- .lpb-row -->\n\n<div class=\"lpb-col-12 lpb-page-item has-bg\" ><!-- .lpb-page-item -->\n\n<div class=\"lpb-item-column\" >\n\t<div class=\"lpb-item-content\"><div style=\"text-align: center\">\n<h5>L'unit\u00e9 de vie prot\u00e9g\u00e9e (UVP) de l\u2019EHPAD Le Clos des lavandes a pour mission de r\u00e9pondre aux objectifs du plan Alzheimer et aux recommandations de bonnes pratiques publi\u00e9es par l\u2019ANESM en assurant la meilleure qualit\u00e9 de vie possible aux personnes accueillies, en conservant leur place de sujet \u00e0 part enti\u00e8re et leur dignit\u00e9.<\/p>\n<p>Pour les personnes atteintes de maladies neuro d\u00e9g\u00e9n\u00e9ratives, \u00eatre accueilli dans une petite unit\u00e9 de vie et de soins prot\u00e9g\u00e9e permet de recevoir une approche personnalis\u00e9e et adapt\u00e9e \u00e0 leurs besoins.<\/p>\n<p>L\u2019unit\u00e9 de vie prot\u00e9g\u00e9e accueille 14 personnes souffrant de la maladie d\u2019Alzheimer ou de troubles apparent\u00e9s qui ont besoin d\u2019une structure s\u00e9curis\u00e9e. Elles sont en perte d\u2019autonomie et ont besoin d\u2019un accompagnement qui les rassure dans les gestes de la vie au quotidien.<\/p>\n<p>Le projet de l\u2019UVP \u00e9tant essentiellement pens\u00e9 et destin\u00e9 \u00e0 des personnes d\u00e9ambulantes \u00e0 un stade de la maladie o\u00f9 elles ont particuli\u00e8rement besoin de pouvoir \u00e9voluer librement dans un cadre s\u00e9curis\u00e9 et b\u00e9n\u00e9ficier d\u2019animations et d\u2019activit\u00e9s adapt\u00e9es \u00e0 leur \u00e9tat.<br \/>\nL\u2019accueil des personnes peut se faire par admission directe ou par transfert de l\u2019EHPAD.<\/p>\n<p>L\u2019UVP est int\u00e9gr\u00e9e au rez-de-chauss\u00e9e de l\u2019EHPAD en face du PASA. Tous les am\u00e9nagements int\u00e9rieurs visent la qualit\u00e9 de vie des personnes :<\/p>\n<p>- Une cuisine th\u00e9rapeutique ouverte,<\/p>\n<p>- Une salle \u00e0 manger faisant \u00e9galement office de salle d\u2019activit\u00e9s,<\/p>\n<p>- Des chambres spacieuses individuelles avec sanitaires int\u00e9gr\u00e9s,<\/p>\n<p>- Un espace Snoezelen,<\/p>\n<p>-Un jardin attenant de plain-pied s\u00e9curis\u00e9.<\/p>\n<p>L\u2019ensemble de la conception architecturale vise \u00e0 faciliter la d\u00e9ambulation sans risque pour le r\u00e9sident. La lumi\u00e8re naturelle a \u00e9t\u00e9 privil\u00e9gi\u00e9e gr\u00e2ce \u00e0 de grandes baies vitr\u00e9es donnant sur le jardin et un patio int\u00e9rieur.<\/p>\n<p>La philosophie partag\u00e9e par les professionnels exer\u00e7ant \u00e0 l\u2019unit\u00e9 de vie se caract\u00e9rise par un accueil et un accompagnement individualis\u00e9 prenant en compte les attentes et les besoins sp\u00e9cifiques li\u00e9s aux troubles du comportement. La patience, l\u2019empathie et l\u2019adaptabilit\u00e9 sont des qualit\u00e9s requises indispensables dans la relation aux r\u00e9sidents atteints de la maladie d\u2019Alzheimer ou apparent\u00e9e. La libert\u00e9 Le respect des choix et des volont\u00e9s exprim\u00e9es sont aussi au centre des valeurs partag\u00e9es.<\/h5>\n<\/div>\n<\/div>\n<\/div>\n<\/div><!-- \/.lpb-page-item -->\n<\/div><!-- \/.lpb-row -->\n<\/div><!-- \/.lpb-container -->\n<\/div><!-- \/.lpb-page-row -->\n\n","protected":false},"excerpt":{"rendered":"<p>L&rsquo;unit\u00e9 de vie prot\u00e9g\u00e9e (UVP) de l\u2019EHPAD Le Clos des lavandes a pour mission de r\u00e9pondre aux objectifs du plan Alzheimer et aux recommandations de bonnes pratiques publi\u00e9es par l\u2019ANESM en assurant la meilleure qualit\u00e9 de vie possible aux personnes accueillies, en conservant leur place de sujet \u00e0 part enti\u00e8re et leur dignit\u00e9. Pour les [&hellip;]<\/p>\n","protected":false},"author":2,"featured_media":0,"parent":0,"menu_order":0,"comment_status":"closed","ping_status":"closed","template":"","meta":{"footnotes":""},"class_list":["post-789","page","type-page","status-publish","hentry"],"aioseo_notices":[],"_links":{"self":[{"href":"https:\/\/closdeslavandes.fr\/index.php\/wp-json\/wp\/v2\/pages\/789","targetHints":{"allow":["GET"]}}],"collection":[{"href":"https:\/\/closdeslavandes.fr\/index.php\/wp-json\/wp\/v2\/pages"}],"about":[{"href":"https:\/\/closdeslavandes.fr\/index.php\/wp-json\/wp\/v2\/types\/page"}],"author":[{"embeddable":true,"href":"https:\/\/closdeslavandes.fr\/index.php\/wp-json\/wp\/v2\/users\/2"}],"replies":[{"embeddable":true,"href":"https:\/\/closdeslavandes.fr\/index.php\/wp-json\/wp\/v2\/comments?post=789"}],"version-history":[{"count":7,"href":"https:\/\/closdeslavandes.fr\/index.php\/wp-json\/wp\/v2\/pages\/789\/revisions"}],"predecessor-version":[{"id":1165,"href":"https:\/\/closdeslavandes.fr\/index.php\/wp-json\/wp\/v2\/pages\/789\/revisions\/1165"}],"wp:attachment":[{"href":"https:\/\/closdeslavandes.fr\/index.php\/wp-json\/wp\/v2\/media?parent=789"}],"curies":[{"name":"wp","href":"https:\/\/api.w.org\/{rel}","templated":true}]}}

L&rsquo;UNITÉ PROTEGÉE

<div class="lpb-clear-section"></div><!-- .lpb-clear-section -->

<div class="lpb-page-row"><!-- .lpb-page-row -->
<div class="lpb-container"><!-- .lpb-container -->
<div class="lpb-row"><!-- .lpb-row -->

<div class="lpb-col-12 lpb-page-item has-bg" ><!-- .lpb-page-item -->

<hr class="lpb-item-line">
</div><!-- /.lpb-page-item -->

</div><!-- /.lpb-row -->
</div><!-- /.lpb-container -->
</div><!-- /.lpb-page-row -->

<div class="lpb-page-row"><!-- .lpb-page-row -->
<div class="lpb-container"><!-- .lpb-container -->
<div class="lpb-row"><!-- .lpb-row -->

<div class="lpb-col-12 lpb-page-item has-bg" ><!-- .lpb-page-item -->

		<div class="morrison-hotel-gallery flexslider" data-speed="4000" style="max-width:900px">
			<ul class="slides">
				
					<li>
						<img width="2560" height="1440" src="https://closdeslavandes.fr/wp-content/uploads/2022/09/pexels-matthias-zomer-339620.jpg" class="attachment-full size-full" alt="" />					</li>

							</ul>
		</div>
	</div><!-- /.lpb-page-item -->

</div><!-- /.lpb-row -->
</div><!-- /.lpb-container -->
</div><!-- /.lpb-page-row -->

<div class="lpb-page-row"><!-- .lpb-page-row -->
<div class="lpb-container"><!-- .lpb-container -->
<div class="lpb-row"><!-- .lpb-row -->

<div class="lpb-col-12 lpb-page-item has-bg" ><!-- .lpb-page-item -->

<div class="lpb-item-column" >
	<div class="lpb-item-content"><div style="text-align: center">
<h5>L'unité de vie protégée (UVP) de l’EHPAD Le Clos des lavandes a pour mission de répondre aux objectifs du plan Alzheimer et aux recommandations de bonnes pratiques publiées par l’ANESM en assurant la meilleure qualité de vie possible aux personnes accueillies, en conservant leur place de sujet à part entière et leur dignité.</p>
<p>Pour les personnes atteintes de maladies neuro dégénératives, être accueilli dans une petite unité de vie et de soins protégée permet de recevoir une approche personnalisée et adaptée à leurs besoins.</p>
<p>L’unité de vie protégée accueille 14 personnes souffrant de la maladie d’Alzheimer ou de troubles apparentés qui ont besoin d’une structure sécurisée. Elles sont en perte d’autonomie et ont besoin d’un accompagnement qui les rassure dans les gestes de la vie au quotidien.</p>
<p>Le projet de l’UVP étant essentiellement pensé et destiné à des personnes déambulantes à un stade de la maladie où elles ont particulièrement besoin de pouvoir évoluer librement dans un cadre sécurisé et bénéficier d’animations et d’activités adaptées à leur état.<br />
L’accueil des personnes peut se faire par admission directe ou par transfert de l’EHPAD.</p>
<p>L’UVP est intégrée au rez-de-chaussée de l’EHPAD en face du PASA. Tous les aménagements intérieurs visent la qualité de vie des personnes :</p>
<p>- Une cuisine thérapeutique ouverte,</p>
<p>- Une salle à manger faisant également office de salle d’activités,</p>
<p>- Des chambres spacieuses individuelles avec sanitaires intégrés,</p>
<p>- Un espace Snoezelen,</p>
<p>-Un jardin attenant de plain-pied sécurisé.</p>
<p>L’ensemble de la conception architecturale vise à faciliter la déambulation sans risque pour le résident. La lumière naturelle a été privilégiée grâce à de grandes baies vitrées donnant sur le jardin et un patio intérieur.</p>
<p>La philosophie partagée par les professionnels exerçant à l’unité de vie se caractérise par un accueil et un accompagnement individualisé prenant en compte les attentes et les besoins spécifiques liés aux troubles du comportement. La patience, l’empathie et l’adaptabilité sont des qualités requises indispensables dans la relation aux résidents atteints de la maladie d’Alzheimer ou apparentée. La liberté Le respect des choix et des volontés exprimées sont aussi au centre des valeurs partagées.</h5>
</div>
</div>
</div>
</div><!-- /.lpb-page-item -->
</div><!-- /.lpb-row -->
</div><!-- /.lpb-container -->
</div><!-- /.lpb-page-row -->

<p>L&rsquo;unité de vie protégée (UVP) de l’EHPAD Le Clos des lavandes a pour mission de répondre aux objectifs du plan Alzheimer et aux recommandations de bonnes pratiques publiées par l’ANESM en assurant la meilleure qualité de vie possible aux personnes accueillies, en conservant leur place de sujet à part entière et leur dignité. Pour les [&hellip;]</p>
