{"id":243,"date":"2016-01-07T17:42:49","date_gmt":"2016-01-07T17:42:49","guid":{"rendered":"http:\/\/demo.lollum.com\/morrisonhotel\/?page_id=4"},"modified":"2025-05-26T18:42:24","modified_gmt":"2025-05-26T16:42:24","slug":"home","status":"publish","type":"page","link":"https:\/\/closdeslavandes.fr\/","title":{"rendered":"Accueil"},"content":{"rendered":"<div class=\"lpb-clear-section\"><\/div><!-- .lpb-clear-section -->\n\n<div class=\"lpb-page-row\"><!-- .lpb-page-row -->\n<div class=\"lpb-container\"><!-- .lpb-container -->\n<div class=\"lpb-row\"><!-- .lpb-row -->\n\n<div class=\"lpb-col-12 lpb-page-item has-bg\" ><!-- .lpb-page-item -->\n\n<div class=\"lpb-item-column\" >\n\t<div class=\"lpb-item-content\"><div style=\"text-align: center\">\n<div class=\"big\">\n<h3>ASSOCIATION<br \/>\n\"LE CLOS DES LAVANDES\"<\/h3>\n<\/div>\n<\/div>\n<\/div>\n<\/div>\n<\/div><!-- \/.lpb-page-item -->\n\n<\/div><!-- \/.lpb-row -->\n<\/div><!-- \/.lpb-container -->\n<\/div><!-- \/.lpb-page-row -->\n\n<div class=\"lpb-page-row\"><!-- .lpb-page-row -->\n<div class=\"lpb-container\"><!-- .lpb-container -->\n<div class=\"lpb-row\"><!-- .lpb-row -->\n\n<div class=\"lpb-col-6 lpb-page-item has-bg\" ><!-- .lpb-page-item -->\n\n<div class=\"lpb-item-column\" >\n\t<div class=\"lpb-item-content\">\n\t\t<h2 class=\"morrison-hotel-title left border-yes\">DECOUVREZ une R\u00e9sidence Autonomie et un EHPAD \u00e0 l'Isle sur la sorgue, au coeur du Vaucluse<\/h2>\n\n\t\t\n<\/div>\n<\/div>\n<\/div><!-- \/.lpb-page-item -->\n<div class=\"lpb-col-6 lpb-page-item has-bg\" ><!-- .lpb-page-item -->\n\n<div class=\"lpb-item-column\" >\n\t<div class=\"lpb-item-content\"><h6><strong>Etablissement pour personnes \u00e2g\u00e9es autonomes et d\u00e9pendantes<\/strong><\/h6>\n<p>Situ\u00e9e \u00e0 l'isle sur la sorgue dans le Vaucluse, l'association Le Clos des lavandes regroupe une R\u00e9sidence Autonomie et un EHPAD.<\/p>\n<h6>Un peu d\u2019histoire<\/h6>\n<p>La R\u00e9sidence \"Le Clos des Lavandes\" se compose de deux \u00e9tablissements.  Une R\u00e9sidence Autonomie pour Personnes \u00e2g\u00e9es autonomes, g\u00e9r\u00e9 par une association Loi 1901 cr\u00e9\u00e9e \u00e0 l'initiative d'un groupe d'\u00e9lus de la Commune de l'Isle-sur-la-Sorgue en 1978. La volont\u00e9 de ces \u00e9lus \u00e9tant de pourvoir la commune de logements sociaux adapt\u00e9s aux personnes \u00e2g\u00e9es.<br \/>\nA partir de 1980, L'\u00e9tablissement a donc mis \u00e0 disposition des R\u00e9sidents, 72 studios de 35 m\u00b2 pour leur assurer un h\u00e9bergement permanent, dans un logement adapt\u00e9 aux personnes \u00e2g\u00e9es, vivant seules ou en couple.<\/p>\n<p>En 2015 La r\u00e9sidence a ouvert un \u00e9tablissement destin\u00e9 \u00e0 accueillir des personnes \u00e2g\u00e9es d\u00e9pendantes (EHPAD) afin de r\u00e9pondre au mieux aux besoins et attentes de la population locale.<\/p>\n<\/div>\n<\/div>\n<\/div><!-- \/.lpb-page-item -->\n\n<\/div><!-- \/.lpb-row -->\n<\/div><!-- \/.lpb-container -->\n<\/div><!-- \/.lpb-page-row -->\n\n<div class=\"lpb-page-row\"><!-- .lpb-page-row -->\n<div class=\"lpb-container\"><!-- .lpb-container -->\n<div class=\"lpb-row\"><!-- .lpb-row -->\n\n<div class=\"lpb-col-12 lpb-page-item has-bg\" ><!-- .lpb-page-item -->\n\n<hr class=\"lpb-item-line\">\n<\/div><!-- \/.lpb-page-item -->\n\n<\/div><!-- \/.lpb-row -->\n<\/div><!-- \/.lpb-container -->\n<\/div><!-- \/.lpb-page-row -->\n\n<div class=\"lpb-page-row\"><!-- .lpb-page-row -->\n<div class=\"lpb-container\"><!-- .lpb-container -->\n<div class=\"lpb-row\"><!-- .lpb-row -->\n\n<div class=\"lpb-col-12 lpb-page-item has-bg\" ><!-- .lpb-page-item -->\n\n\t\t<div class=\"morrison-hotel-gallery flexslider\" data-speed=\"4000\" style=\"max-width:800px\">\n\t\t\t<ul class=\"slides\">\n\t\t\t\t\n\t\t\t\t\t<li>\n\t\t\t\t\t\t<img width=\"2560\" height=\"1696\" src=\"https:\/\/closdeslavandes.fr\/wp-content\/uploads\/2022\/05\/D-scaled.jpg\" class=\"attachment-full size-full\" alt=\"\" \/>\t\t\t\t\t<\/li>\n\n\t\t\t\t\n\t\t\t\t\t<li>\n\t\t\t\t\t\t<img width=\"2560\" height=\"1696\" src=\"https:\/\/closdeslavandes.fr\/wp-content\/uploads\/2022\/05\/B-scaled.jpg\" class=\"attachment-full size-full\" alt=\"\" \/>\t\t\t\t\t<\/li>\n\n\t\t\t\t\n\t\t\t\t\t<li>\n\t\t\t\t\t\t<img width=\"2560\" height=\"1920\" src=\"https:\/\/closdeslavandes.fr\/wp-content\/uploads\/2025\/05\/10-scaled.jpg\" class=\"attachment-full size-full\" alt=\"\" \/>\t\t\t\t\t<\/li>\n\n\t\t\t\t\n\t\t\t\t\t<li>\n\t\t\t\t\t\t<img width=\"2560\" height=\"1920\" src=\"https:\/\/closdeslavandes.fr\/wp-content\/uploads\/2025\/05\/7-scaled.jpg\" class=\"attachment-full size-full\" alt=\"\" \/>\t\t\t\t\t<\/li>\n\n\t\t\t\t\t\t\t<\/ul>\n\t\t<\/div>\n\t<\/div><!-- \/.lpb-page-item -->\n\n<\/div><!-- \/.lpb-row -->\n<\/div><!-- \/.lpb-container -->\n<\/div><!-- \/.lpb-page-row -->\n\n<div class=\"lpb-page-row\"><!-- .lpb-page-row -->\n<div class=\"lpb-container\"><!-- .lpb-container -->\n<div class=\"lpb-row\"><!-- .lpb-row -->\n\n<div class=\"lpb-col-12 lpb-page-item has-bg\" ><!-- .lpb-page-item -->\n\n<hr class=\"lpb-item-line\">\n<\/div><!-- \/.lpb-page-item -->\n\n<\/div><!-- \/.lpb-row -->\n<\/div><!-- \/.lpb-container -->\n<\/div><!-- \/.lpb-page-row -->\n\n<div class=\"lpb-section parallax-no text-dark row-stretch-boxed columns-gap-default equal-height-no padding-top-no padding-bottom-no margin-bottom-no has-bg\" style=\"background-color:#ffffff;\"  data-stretch=\"full\" data-x=\"50%\"><!-- .lpb-section -->\n\n<div class=\"lpb-page-row\"><!-- .lpb-page-row -->\n<div class=\"lpb-container\"><!-- .lpb-container -->\n<div class=\"lpb-row\"><!-- .lpb-row -->\n\n<div class=\"lpb-col-12 lpb-page-item has-bg\" ><!-- .lpb-page-item -->\n\n<div class=\"lpb-item-column\" >\n\t<div class=\"lpb-item-content\"><div style=\"text-align: center\">\n<h3>Vivre \u00e0 l'isle sur la sorgue !<\/h3>\n<\/div>\n<\/div>\n<\/div>\n<\/div><!-- \/.lpb-page-item -->\n\n<\/div><!-- \/.lpb-row -->\n<\/div><!-- \/.lpb-container -->\n<\/div><!-- \/.lpb-page-row -->\n\n<\/div><!-- \/.lpb-section -->\n\n<div class=\"lpb-section parallax-no text-dark row-stretch-default columns-gap-no-gap equal-height-no padding-top-yes padding-bottom-yes margin-bottom-yes has-bg\" style=\"background-color:#f5f5f5;\"  data-stretch=\"full\" data-x=\"50%\"><!-- .lpb-section -->\n\n<div class=\"lpb-page-row\"><!-- .lpb-page-row -->\n<div class=\"lpb-container\"><!-- .lpb-container -->\n<div class=\"lpb-row\"><!-- .lpb-row -->\n\n<div class=\"lpb-col-12 lpb-page-item has-bg\" ><!-- .lpb-page-item -->\n\n\t<div class=\"morrison-hotel-page-boxes\">\n\n\t\t\n\t\t\t<div class=\"morrison-hotel-page-boxes-row has-thumbnail\">\n\n\t\t\t\t\n\t\t\t\t\t<a class=\"post-thumbnail\" href=\"https:\/\/closdeslavandes.fr\/index.php\/wellness-spa\/\" aria-hidden=\"true\">\n\t\t\t\t\t\t<img width=\"570\" height=\"500\" src=\"https:\/\/closdeslavandes.fr\/wp-content\/uploads\/2022\/07\/DSC_0322-815x500-1-570x500.jpg\" class=\"attachment-morrison_hotel_570x570 size-morrison_hotel_570x570 wp-post-image\" alt=\"L&rsquo;isle sur la sorgue\" \/>\t\t\t\t\t<\/a><!-- .post-thumbnail -->\n\n\t\t\t\t\n\t\t\t\t<div class=\"morrison-hotel-page-boxes-content\">\n\n\t\t\t\t\t<h4><a href=\"https:\/\/closdeslavandes.fr\/index.php\/wellness-spa\/\">L&rsquo;isle sur la sorgue<\/a><\/h4>\n\t\t\t\t\t\n\t\t\t\t\t\t<div class=\"morrison-hotel-page-boxes-summary\">\n\t\t\t\t\t\t\t<p>La ville de l&rsquo;isle sur la sorgue est une commune fran\u00e7aise situ\u00e9e dans le d\u00e9partement du Vaucluse en r\u00e9gion Provence Alpes-C\u00f4te d&rsquo;Azur&#8230;<\/p>\n\t\t\t\t\t\t<\/div><!-- .entry-summary -->\n\n\t\t\t\t\t\n\t\t\t\t\t<a href=\"https:\/\/closdeslavandes.fr\/index.php\/wellness-spa\/\" class=\"view-more-link\">En lire plus<\/a>\n\n\t\t\t\t<\/div>\n\n\t\t\t<\/div>\n\n\t\t\n\t<\/div>\n\n\t<\/div><!-- \/.lpb-page-item -->\n\n<\/div><!-- \/.lpb-row -->\n<\/div><!-- \/.lpb-container -->\n<\/div><!-- \/.lpb-page-row -->\n\n<\/div><!-- \/.lpb-section -->\n\n<div class=\"lpb-page-row\"><!-- .lpb-page-row -->\n<div class=\"lpb-container\"><!-- .lpb-container -->\n<div class=\"lpb-row\"><!-- .lpb-row -->\n\n<div class=\"lpb-col-12 lpb-page-item has-bg\" ><!-- .lpb-page-item -->\n\n<hr class=\"lpb-item-line\">\n<\/div><!-- \/.lpb-page-item -->\n\n<\/div><!-- \/.lpb-row -->\n<\/div><!-- \/.lpb-container -->\n<\/div><!-- \/.lpb-page-row -->\n\n<div class=\"lpb-page-row\"><!-- .lpb-page-row -->\n<div class=\"lpb-container\"><!-- .lpb-container -->\n<div class=\"lpb-row\"><!-- .lpb-row -->\n\n<div class=\"lpb-col-12 lpb-page-item has-bg\" ><!-- .lpb-page-item -->\n\n<div class=\"lpb-item-column\" >\n\t<div class=\"lpb-item-content\"><style type=\"text\/css\" id=\"umsMapStyles_1_43425\">\r\n    #ultimate_maps_1_43425 {\r\n        width: 100%;\r\n        height: 500px;\r\n                border: 0px solid ;\r\n        margin: 0px;\r\n    }\r\n    #mapsControlsNum_1_43425 {\r\n        width:100%    }\r\n    .umsMapDetailsContainer#umsMapDetailsContainer_1_43425 {\r\n        height:500px;\r\n    }\r\n    .ums_MapPreview#ultimate_maps_1_43425 {\r\n        \/*position:absolute;*\/\r\n        width:100%;\r\n    }\r\n    #mapConElem_1_43425{\r\n        width:100%    }\r\n    <\/style><div class=\"ums_map_opts\" id=\"mapConElem_1_43425\" data-id=\"1\" data-view-id=\"1_43425\" > <div class=\"umsMapDetailsContainer\" id=\"umsMapDetailsContainer_1_43425\"> <i class=\"umsKMLLayersPreloader fa fa-spinner fa-spin\" aria-hidden=\"true\" style=\"display: none;\"><\/i> <div class=\"ums_MapPreview \" id=\"ultimate_maps_1_43425\"><\/div> <\/div> <div class=\"umsMapMarkerFilters\" id=\"umsMapMarkerFilters_1_43425\"> <\/div> <div class=\"umsMapProControlsCon\" id=\"umsMapProControlsCon_1_43425\"> <a title=\"Google Maps Wordpress\" style=\"display:none;\" href=\"https:\/\/supsystic.com\/plugins\/google-maps-plugin\/?utm_medium=love_link_hide\" target=\"_blank\">Google Maps Wordpress<\/a><div style=\"clear: both;\"><\/div> <\/div> <div class=\"umsMapProDirectionsCon\" id=\"umsMapProDirectionsCon_1_43425\" > <\/div> <div class=\"umsMapProKmlFilterCon\" id=\"umsMapProKmlFilterCon_1_43425\" > <\/div> <div class=\"umsSocialSharingShell umsSocialSharingShell_1_43425\"> <\/div> <div style=\"clear: both;\"><\/div> <\/div>\n<\/div>\n<\/div>\n<\/div><!-- \/.lpb-page-item -->\n<\/div><!-- \/.lpb-row -->\n<\/div><!-- \/.lpb-container -->\n<\/div><!-- \/.lpb-page-row -->\n\n","protected":false},"excerpt":{"rendered":"<p>La commune de l\u2019Isle-sur-la Sorgue est situ\u00e9e entre Avignon et la vall\u00e9e Nord Luberon, \u00e0 quelques pas de Fontaine de Vaucluse. L\u2019Isle-sur la-Sorgue compte trois hameaux qui sont St Antoine, Petit-Palais et Velorgues. La commune tient son nom de la Sorgue qui prend sa source quelques kilom\u00e8tres en amont \u00e0 Fontaine de Vaucluse. La commune [&hellip;]<\/p>\n","protected":false},"author":2,"featured_media":422,"parent":0,"menu_order":0,"comment_status":"closed","ping_status":"closed","template":"","meta":{"footnotes":""},"class_list":["post-243","page","type-page","status-publish","has-post-thumbnail","hentry"],"aioseo_notices":[],"_links":{"self":[{"href":"https:\/\/closdeslavandes.fr\/index.php\/wp-json\/wp\/v2\/pages\/243","targetHints":{"allow":["GET"]}}],"collection":[{"href":"https:\/\/closdeslavandes.fr\/index.php\/wp-json\/wp\/v2\/pages"}],"about":[{"href":"https:\/\/closdeslavandes.fr\/index.php\/wp-json\/wp\/v2\/types\/page"}],"author":[{"embeddable":true,"href":"https:\/\/closdeslavandes.fr\/index.php\/wp-json\/wp\/v2\/users\/2"}],"replies":[{"embeddable":true,"href":"https:\/\/closdeslavandes.fr\/index.php\/wp-json\/wp\/v2\/comments?post=243"}],"version-history":[{"count":29,"href":"https:\/\/closdeslavandes.fr\/index.php\/wp-json\/wp\/v2\/pages\/243\/revisions"}],"predecessor-version":[{"id":1529,"href":"https:\/\/closdeslavandes.fr\/index.php\/wp-json\/wp\/v2\/pages\/243\/revisions\/1529"}],"wp:featuredmedia":[{"embeddable":true,"href":"https:\/\/closdeslavandes.fr\/index.php\/wp-json\/wp\/v2\/media\/422"}],"wp:attachment":[{"href":"https:\/\/closdeslavandes.fr\/index.php\/wp-json\/wp\/v2\/media?parent=243"}],"curies":[{"name":"wp","href":"https:\/\/api.w.org\/{rel}","templated":true}]}}