{"id":10,"date":"2016-01-07T17:44:12","date_gmt":"2016-01-07T17:44:12","guid":{"rendered":"http:\/\/demo.lollum.com\/morrisonhotel\/?page_id=10"},"modified":"2023-12-01T14:02:18","modified_gmt":"2023-12-01T13:02:18","slug":"wellness-spa","status":"publish","type":"page","link":"https:\/\/closdeslavandes.fr\/index.php\/wellness-spa\/","title":{"rendered":"L&rsquo;isle sur la sorgue"},"content":{"rendered":"<div class=\"lpb-clear-section\"><\/div><!-- .lpb-clear-section -->\n\n<div class=\"lpb-page-row\"><!-- .lpb-page-row -->\n<div class=\"lpb-container\"><!-- .lpb-container -->\n<div class=\"lpb-row\"><!-- .lpb-row -->\n\n<div class=\"lpb-col-12 lpb-page-item has-bg\" ><!-- .lpb-page-item -->\n\n<hr class=\"lpb-item-line\">\n<\/div><!-- \/.lpb-page-item -->\n\n<\/div><!-- \/.lpb-row -->\n<\/div><!-- \/.lpb-container -->\n<\/div><!-- \/.lpb-page-row -->\n\n<div class=\"lpb-page-row\"><!-- .lpb-page-row -->\n<div class=\"lpb-container\"><!-- .lpb-container -->\n<div class=\"lpb-row\"><!-- .lpb-row -->\n\n<div class=\"lpb-col-12 lpb-page-item has-bg\" ><!-- .lpb-page-item -->\n\n<div class=\"lpb-item-image alignment-center\">\n\t\n\t<img width=\"815\" height=\"500\" src=\"https:\/\/closdeslavandes.fr\/wp-content\/uploads\/2022\/07\/470dc255-6f5e-4b85-aff3-d568821735ba.1.10-815x500-1.jpeg\" class=\"attachment-full size-full\" alt=\"\" srcset=\"https:\/\/closdeslavandes.fr\/wp-content\/uploads\/2022\/07\/470dc255-6f5e-4b85-aff3-d568821735ba.1.10-815x500-1.jpeg 815w, https:\/\/closdeslavandes.fr\/wp-content\/uploads\/2022\/07\/470dc255-6f5e-4b85-aff3-d568821735ba.1.10-815x500-1-300x184.jpeg 300w, https:\/\/closdeslavandes.fr\/wp-content\/uploads\/2022\/07\/470dc255-6f5e-4b85-aff3-d568821735ba.1.10-815x500-1-768x471.jpeg 768w, https:\/\/closdeslavandes.fr\/wp-content\/uploads\/2022\/07\/470dc255-6f5e-4b85-aff3-d568821735ba.1.10-815x500-1-480x294.jpeg 480w, https:\/\/closdeslavandes.fr\/wp-content\/uploads\/2022\/07\/470dc255-6f5e-4b85-aff3-d568821735ba.1.10-815x500-1-320x196.jpeg 320w\" sizes=\"(max-width: 815px) 100vw, 815px\" \/>\n\t\n<\/div>\n<\/div><!-- \/.lpb-page-item -->\n\n<\/div><!-- \/.lpb-row -->\n<\/div><!-- \/.lpb-container -->\n<\/div><!-- \/.lpb-page-row -->\n\n<div class=\"lpb-section parallax-no text-dark row-stretch-boxed columns-gap-default equal-height-no padding-top-no padding-bottom-yes margin-bottom-no has-bg\" style=\"background-color:#ffffff;\"  data-stretch=\"full\" data-x=\"50%\"><!-- .lpb-section -->\n\n<div class=\"lpb-page-row\"><!-- .lpb-page-row -->\n<div class=\"lpb-container\"><!-- .lpb-container -->\n<div class=\"lpb-row\"><!-- .lpb-row -->\n\n<div class=\"lpb-col-12 lpb-page-item has-bg\" ><!-- .lpb-page-item -->\n\n<div class=\"lpb-item-column\" >\n\t<div class=\"lpb-item-content\"><div style=\"text-align: center\">\n<h5>La commune de l\u2019Isle-sur-la Sorgue est situ\u00e9e entre Avignon et la vall\u00e9e Nord Luberon, \u00e0 quelques pas de Fontaine de Vaucluse.<\/p>\n<p>L\u2019Isle-sur la-Sorgue compte trois hameaux qui sont St Antoine, Petit-Palais et Velorgues.<\/p>\n<p>La commune tient son nom de la Sorgue qui prend sa source quelques kilom\u00e8tres en amont \u00e0 Fontaine de Vaucluse. La commune est distante de 800 km de Paris, 80 km de Marseille et 20 km d\u2019Avignon. <\/p>\n<p>Elle se situe \u00e0 13 km de l\u2019autoroute A7 par la D25 pour la sortie Avignon Sud et 12 km par la RD 938 pour la sortie Cavaillon. La gare de l\u2019Isle-sur-Sorgue \u2013 Fontaine de Vaucluse en centre ville desservi par la ligne 09 d\u2019Avignon Marseille via Cavaillon des TER Provence de la SNCF. Le TGV dessert la gare d\u2019Avignon qui est situ\u00e9e \u00e0 20 km. <\/p>\n<p>Des lignes d\u2019autocar, subventionn\u00e9es par le d\u00e9partement du Vaucluse, desservent la commune de l\u2019Isle-sur-la-Sorgue. L\u2019a\u00e9rodrome d\u2019Avignon est situ\u00e9 \u00e0 15 km par la RD 25 et de Marseille-Provence \u00e0 70 km. <\/p>\n<p>L'Association \"Le Clos des Lavandes\" est implant\u00e9e au c\u0153ur de la Commune de l'Isle-sur-la-Sorgue, ville d'environ 20 000 habitants. Elle est situ\u00e9e \u00e0 300 m\u00e8tres du centre ville et 200 m\u00e8tres de la gare ferroviaire.<\/h5>\n<\/p><\/div>\n<\/div>\n<\/div>\n<\/div>\n<\/div><!-- \/.lpb-page-item -->\n\n<\/div><!-- \/.lpb-row -->\n<\/div><!-- \/.lpb-container -->\n<\/div><!-- \/.lpb-page-row -->\n\n<div class=\"lpb-page-row\"><!-- .lpb-page-row -->\n<div class=\"lpb-container\"><!-- .lpb-container -->\n<div class=\"lpb-row\"><!-- .lpb-row -->\n\n<div class=\"lpb-col-12 lpb-page-item has-bg\" ><!-- .lpb-page-item -->\n\n<hr class=\"lpb-item-line\">\n<\/div><!-- \/.lpb-page-item -->\n\n<\/div><!-- \/.lpb-row -->\n<\/div><!-- \/.lpb-container -->\n<\/div><!-- \/.lpb-page-row -->\n\n<div class=\"lpb-page-row\"><!-- .lpb-page-row -->\n<div class=\"lpb-container\"><!-- .lpb-container -->\n<div class=\"lpb-row\"><!-- .lpb-row -->\n\n<div class=\"lpb-col-12 lpb-page-item has-bg\" ><!-- .lpb-page-item -->\n\n<div class=\"lpb-item-image alignment-center\">\n\t\n\t<img width=\"100\" height=\"100\" src=\"https:\/\/closdeslavandes.fr\/wp-content\/uploads\/2022\/07\/csm_footer-logo_696f1f7ba2.png\" class=\"attachment-full size-full\" alt=\"\" srcset=\"https:\/\/closdeslavandes.fr\/wp-content\/uploads\/2022\/07\/csm_footer-logo_696f1f7ba2.png 100w, https:\/\/closdeslavandes.fr\/wp-content\/uploads\/2022\/07\/csm_footer-logo_696f1f7ba2-75x75.png 75w\" sizes=\"(max-width: 100px) 100vw, 100px\" \/>\n\t\n<\/div>\n<\/div><!-- \/.lpb-page-item -->\n\n<\/div><!-- \/.lpb-row -->\n<\/div><!-- \/.lpb-container -->\n<\/div><!-- \/.lpb-page-row -->\n\n<div class=\"lpb-page-row\"><!-- .lpb-page-row -->\n<div class=\"lpb-container\"><!-- .lpb-container -->\n<div class=\"lpb-row\"><!-- .lpb-row -->\n\n<div class=\"lpb-col-12 lpb-page-item has-bg\" ><!-- .lpb-page-item -->\n\n<div class=\"lpb-item-column\" >\n\t<div class=\"lpb-item-content\"><div style=\"text-align: center\">\n<h4>Vivre \u00e0 l'Isle !<\/h4>\n<\/div>\n<\/div>\n<\/div><!-- \/.lpb-page-item -->\n\n<\/div><!-- \/.lpb-row -->\n<\/div><!-- \/.lpb-container -->\n<\/div><!-- \/.lpb-page-row -->\n\n<div class=\"lpb-page-row\"><!-- .lpb-page-row -->\n<div class=\"lpb-container\"><!-- .lpb-container -->\n<div class=\"lpb-row\"><!-- .lpb-row -->\n\n<div class=\"lpb-col-12 lpb-page-item has-bg\" ><!-- .lpb-page-item -->\n\n<div class=\"lpb-item-column\" >\n\t<div class=\"lpb-item-content\"><div style=\"text-align: center\">\n<a href=\"https:\/\/www.islesurlasorgue.fr\/je-suis\/un-senior\/\" target=\"_blank\">Cliquer ici pour consulter le site internet officiel de la Mairie de l'isle sur la sorgue<\/a><\/p>\n<\/div>\n<\/div>\n<\/div>\n<\/div><!-- \/.lpb-page-item -->\n<\/div><!-- \/.lpb-row -->\n<\/div><!-- \/.lpb-container -->\n<\/div><!-- \/.lpb-page-row -->\n\n<\/div><!-- \/.lpb-section -->\n\n","protected":false},"excerpt":{"rendered":"<p>La ville de l&rsquo;isle sur la sorgue est une commune fran\u00e7aise situ\u00e9e dans le d\u00e9partement du Vaucluse en r\u00e9gion Provence Alpes-C\u00f4te d&rsquo;Azur&#8230;<\/p>\n","protected":false},"author":2,"featured_media":505,"parent":0,"menu_order":0,"comment_status":"closed","ping_status":"closed","template":"","meta":{"footnotes":""},"class_list":["post-10","page","type-page","status-publish","has-post-thumbnail","hentry"],"aioseo_notices":[],"_links":{"self":[{"href":"https:\/\/closdeslavandes.fr\/index.php\/wp-json\/wp\/v2\/pages\/10","targetHints":{"allow":["GET"]}}],"collection":[{"href":"https:\/\/closdeslavandes.fr\/index.php\/wp-json\/wp\/v2\/pages"}],"about":[{"href":"https:\/\/closdeslavandes.fr\/index.php\/wp-json\/wp\/v2\/types\/page"}],"author":[{"embeddable":true,"href":"https:\/\/closdeslavandes.fr\/index.php\/wp-json\/wp\/v2\/users\/2"}],"replies":[{"embeddable":true,"href":"https:\/\/closdeslavandes.fr\/index.php\/wp-json\/wp\/v2\/comments?post=10"}],"version-history":[{"count":21,"href":"https:\/\/closdeslavandes.fr\/index.php\/wp-json\/wp\/v2\/pages\/10\/revisions"}],"predecessor-version":[{"id":448,"href":"https:\/\/closdeslavandes.fr\/index.php\/wp-json\/wp\/v2\/pages\/10\/revisions\/448"}],"wp:featuredmedia":[{"embeddable":true,"href":"https:\/\/closdeslavandes.fr\/index.php\/wp-json\/wp\/v2\/media\/505"}],"wp:attachment":[{"href":"https:\/\/closdeslavandes.fr\/index.php\/wp-json\/wp\/v2\/media?parent=10"}],"curies":[{"name":"wp","href":"https:\/\/api.w.org\/{rel}","templated":true}]}}